**3 + a**2 + a + 10. Give p(l).
10
Let g(a) = 194 - 7*a - 185 - 7*a**2 + a**2 + a**3 - a. Determine g(7).
2
Suppose 329 = -28*r + 105. Let i(a) = 4*a + 34. Determine i(r).
2
Let k(j) = -3*j**3 + 3*j**3 - j**3 + 8*j**2 - 5*j + 2830 - 2826. Calculate k(6).
46
Let g(l) = -16 - 26*l**3 - 7*l**2 - 30*l**3 + 3*l + 57*l**3. Give g(7).
5
Let t = 30 - 28. Let n(p) = p**3 - 2*p**2 + 2*p. Let s be n(t). Let h be s + (-3)/(3/4). Let v(j) = -j**3 - 15. What is v(h)?
-15
Let o(y) = -y**3 - 13*y**2 + 13*y - 21. Suppose 3*p + 2*l + 40 = 0, -6*l + 66 = -5*p - 10*l. Calculate o(p).
-7
Let j(r) be the first derivative of -r**2 - 7*r + 313. Let q be 38/14 + 4/14. Suppose -l - 5*y = -10, q*l - 2*l = 2*y - 11. Give j(l).
3
Let g(r) = r**3 + r**2 - r + 1. Let v(d) = -7*d**3 - 13*d**2 + 7*d + 2. Let b(q) = -6*g(q) - v(q). Suppose 4*p + 24 + 8 = -o, -3*o - 5 = -p. Determine b(p).
-1
Let t = 2 + -4. Let b(r) = -r**3 - 4*r**2 + r + 4. Let i(h) = -443 - h**3 + 3*h**2 - 6*h**2 + 446. Let q(x) = 2*b(x) - 3*i(x). Calculate q(t).
-9
Let k(l) = -l**2 + 6*l + 41. Let w(p) = -80*p + 650. Let n be w(8). What is k(n)?
1
Suppose -4*f + 4*l + 8 = 0, 0*f + l = -f. Suppose 1 = -n + 3. Let c(m) = 4*m - n*m - 1 - m - 5*m. What is c(f)?
-5
Suppose 0 = x - s - 6, 4*x + 3*s + 12 = -2*s. Let a(d) = 4 - 8*d**2 + 0*d**x - 3*d + 7*d**2 - 2*d**2. Give a(-3).
-14
Let v(z) = 7*z. Let p = 11 + -37. Let q = -25 - p. Calculate v(q).
7
Let n(r) = -r**3 + 9*r**2 + 2*r - 3. Let q = 248 + -239. Give n(q).
15
Let y(r) = -r**3 - 4*r**2 + 6*r + 4. Suppose 0 = 3*c - 3, -2*f = -3*f - 4*c - 20. Let u = 19 + f. Determine y(u).
-1
Let b be (15/(-4) - 11/(-22))*4. Let x(n) = n**3 + 12*n**2 - 14*n - 10. Calculate x(b).
3
Suppose -q = -4*q + 15. Let i(j) = 4*j + 1. Let h(x) = -21*x - 6. Suppose 3*p = -2*k + 28, -43 = -2*k - k - 5*p. Let l(w) = k*i(w) + 2*h(w). Calculate l(q).
9
Let t be 2/(-4 - 4*(-28)/24). Let y(k) = -2*k - 207*k**3 + 6 + 105*k**t + 103*k**3 + 7*k**2. Determine y(-7).
20
Let u(v) = -v**2 + 3*v - 2025*v**3 + 2026*v**3 + 4 - 7. Determine u(2).
7
Let w be 17 + -9 + -1 + 5. Let l(n) = -5 - 5 + w*n - 10*n. What is l(7)?
4
Let m(d) be the first derivative of -2*d**3 + 2*d**2 + 4*d - 441. Calculate m(-1).
-6
Let g(y) = 7*y - 1. Let m(n) = 3*n. Let f(t) = -3*g(t) + 5*m(t). Suppose -5*b - w + 4 + 8 = 0, 0 = 5*b + 5*w. What is f(b)?
-15
Suppose 10*m - 4 = 14*m. Let v be (-5 - m)/(-8)*-6. Let n(w) = 4*w**2 - 5*w - 8. Let j(h) = -h**2 + 1. Let o(c) = 6*j(c) + n(c). Determine o(v).
-5
Let p(o) = 19*o**2 + 8*o - 5. Let k(j) = 16*j**2 + 6*j - 4. Let d(c) = 4*k(c) - 3*p(c). Determine d(-2).
27
Let k(m) = -m**3 + 14*m**2 - 22*m - 24. Let u be k(12). Let p(l) be the third derivative of 1/24*l**4 + 12*l**2 + u*l + 0 - 2/3*l**3. Determine p(3).
-1
Let l(g) be the third derivative of -g**4/12 - g**3/2 + g**2. Suppose 3*u + z + 3*z - 9 = 0, 3*u = -2*z + 9. Suppose u*y + 39 = 24. Calculate l(y).
7
Let c(j) = j**2 - 13*j + 14. Let a be 13/(0 + 1)*(-23)/(-23). Give c(a).
14
Suppose -6*j + j - 30 = 0. Suppose 11 = 7*c + 4*c. Let l(f) = -4 + c - 1 + f**2 + 5*f. Give l(j).
2
Let j(b) = 100*b - 310. Let h(m) = 7*m - 22. Let c(o) = -85*h(o) + 6*j(o). Let z be (3 - 1)*7/(-2). Determine c(z).
-25
Let t(j) = 12*j - 25. Let w be t(2). Let l(u) = 7*u**2. Determine l(w).
7
Let n(m) = m**2 - 2*m + 3. Let u(h) = -h**2 + 10*h + 13. Let v be u(9). Suppose 34 = 4*w + v. Give n(w).
6
Let u(k) be the second derivative of -k**4/12 + 4*k**3/3 + 2*k**2 - 4*k. Let y = 4 - -5. Give u(y).
-5
Suppose -2055*t + 45 = -2070*t. Let v(r) be the third derivative of r**5/60 + r**4/4 + r**3/6 - r**2. Determine v(t).
-8
Let c(r) be the first derivative of -6 + 1/4*r**4 + 2*r - 1/3*r**3 + 0*r**2. Suppose -3*t - 5*h + 4 = 0, 4*t - 2*h + 9 = -3. Give c(t).
-10
Suppose -3*c = 16 - 28. Let x(k) = c + 0 + 0 - 5 - 5*k**2. Calculate x(1).
-6
Let w(z) = 2*z**3 - 3*z**2 - 4*z + 1. Suppose -44 = 47*d - 49*d. Suppose -d*p = -7*p - 45. Give w(p).
16
Suppose 19 = -2*w - n - 2*n, 3*w + 35 = 2*n. Let j(p) = -p**3 - 12*p**2 - 12*p - 18. Calculate j(w).
-7
Let i = 3 + 19. Suppose -4*b - 3*x + i = -5*x, -28 = -b + 5*x. Let o(p) = -6 + b + 1 - p**2 + 5*p**2 + 2*p. Give o(-2).
10
Let p(j) = -4 + j**3 + 143*j**2 - 139*j**2 - 13*j - 5. What is p(-6)?
-3
Let g = -1 + 8. Let u(p) = 0*p + p + p**2 - g*p - 2. Give u(6).
-2
Let q(i) = -3*i**2 + 10*i - 4. Let u(c) = 10*c**2 - 30*c + 13. Let h(y) = -7*q(y) - 2*u(y). What is h(8)?
-14
Let t(p) be the second derivative of p**3/6 - p**2/2 - 4*p. Let h(k) = 3*k + 1. Let f be ((-1)/4)/((-3)/12). Let w(m) = f*h(m) - 6*t(m). What is w(5)?
-8
Let p(u) be the third derivative of -u**7/2520 + u**6/90 - u**5/120 + 5*u**4/24 - 18*u**2. Let w(x) be the second derivative of p(x). Give w(6).
11
Let k(m) = m**3 + 15*m**2 + 11*m - 40. Let o be k(-14). Let l(h) = -h**2 - o - 13*h + 0*h + 12*h - h**3. Let q be (-1 - (1 - 2)) + 0. Determine l(q).
-2
Let v be ((-24)/(-9))/(1/9*-3). Let h(n) = -n**3 - 14*n**2 - 5*n + 11. Let p(y) = 3*y**3 + 41*y**2 + 14*y - 32. Let a(m) = 17*h(m) + 6*p(m). Give a(v).
3
Suppose -3*p + s = -2 + 3, 4*s - 15 = p. Let d(r) = r**3 - 1 - p - 2 + 0*r**3 - 3*r. Give d(3).
14
Let y = -364 - -364. Let m(o) = o**2 - o + 24. Determine m(y).
24
Let x(q) = -2*q + 1. Suppose 0 = -s + 7 - 4. Suppose 2*c + s = a + c, -c = a + 5. Calculate x(a).
3
Let u = -3 - -1. Let d(b) = -8*b**3 + 17*b**2 + 314*b - 11. Let q(l) = 3*l**3 - 6*l**2 - 114*l + 4. Let n(s) = -4*d(s) - 11*q(s). Determine n(u).
4
Suppose 18*t - 22*t = -12. Let b be (-4)/(10/(t - -2)). Let x(w) = 9*w - 1. Calculate x(b).
-19
Let u(a) = -a**2 + 2*a. Let x(q) = -2*q**2 + 5*q. Let i(s) = -7*u(s) + 3*x(s). Suppose -4*w - 5*r = 7, 4*w + 3*r + 4 = 3. What is i(w)?
6
Suppose -5*l = -25, 19 = 2*d + l - 0*l. Let s(g) = 1 - 1 - d - g. Determine s(-5).
-2
Let y be ((-3)/2)/(1/(-6)). Let h(l) = 2*l - 17. Let x be h(y). Let c(n) = -n**2 - n + 1. Determine c(x).
-1
Suppose -17*r + 75 = -2*r. Let o(b) = b - 1. Give o(r).
4
Let j(l) = -3*l + 6. Let t(d) = -2. Let g(u) = -j(u) - 3*t(u). Let f be 2/(-1)*(-2)/2. Let b be 0 + 2*f/(-4). Give g(b).
-3
Let c(q) = 1236*q + 9 + 1236*q - 2473*q. Give c(0).
9
Let p(v) = -v**3 - 5*v**2 - 2*v - 1. Suppose 0 = -g - g. Suppose y = -g*y + 8. Suppose -f = f + y. Determine p(f).
-9
Let k(v) = -3*v**2 - 7*v - 7. Let u(a) = 3*a**2 + 8*a + 8. Let z(h) = -6*k(h) - 5*u(h). Determine z(-2).
10
Let i(x) be the first derivative of -2*x - 1/2*x**2 + 1/3*x**3 - 8. Determine i(-2).
4
Let u = -8 + 15. Let q(z) = 2 - 1 + 15 - u + z**3. Give q(0).
9
Let k(v) be the third derivative of 1/3*v**3 - 1/60*v**5 + 0*v**4 + 0*v + 0 - 6*v**2. Calculate k(-2).
-2
Let b(l) = l**2 - l + 2. Let z(u) be the second derivative of -u**4/6 + u**3/6 + 3*u**2/2 - 10*u. Let j be z(2). Determine b(j).
14
Let b(y) be the second derivative of -7*y + 0 + 1/120*y**6 - 7/6*y**3 + 1/12*y**4 + 1/10*y**5 + 3*y**2. Let d(v) be the first derivative of b(v). Give d(-5).
8
Let p = 819 - 820. Let o(r) = -15*r - 2. Give o(p).
13
Let p(w) = -175 + 355 - 181 + 334*w - 338*w. Suppose -1 + 2 = -v, 0 = -4*l - 5*v - 9. Calculate p(l).
3
Let l(x) = -2*x + 3. Let n(z) = -7*z + 7. Let u(w) = 7*l(w) - 3*n(w). Give u(1).
7
Let a(d) = -2*d + 3. Let j be a(4). Let o(h) = h + 11. Let z be o(j). Let u(l) = 1360 + 5*l - 4089 + 1363 - l**2 + 1367. Give u(z).
-5
Let m = -2 - -3. Let l(y) = 1635*y**2 - 3 + 0*y + y - 1645*y**2 + 2. What is l(m)?
-10
Let f be -3 - ((12 - 18) + 3/(-1)). Let g(i) = -8*i. Let j(k) = 17*k - 1. Suppose 2*y - 5*v = -y + 39, -y = 2*v - 13. Let l(n) = f*j(n) + y*g(n). What is l(-4)?
2
Let q(d) = 5*d**2 - 8*d + 7 - 13 - 4*d**2 + 0*d**2. Let g be q(9). Let t(n) = -3*n**2 + 5*n - 3. Give t(g).
-15
Let a(u) be the first derivative of 6*u - 19 - 2*u**2 + 1/3*u**3. Calculate a(4).
6
Let w(y) = -3 + y - 2 + 2 - 4 + 2*y. Calculate w(0).
-7
Let p(b) = b**2 + 0*b**2 - 3*b**3 - 3*b**2 - 2. Let k(s) = s**3 - 6*s**2 + s - 1. Let i be k(6). Suppose 5*o + i = 0, -4*m - 8 = -m + 2*o. What is p(m)?
14
Suppose 0 = -s - q - 9, 3*q - 16 + 29 = -s. Let m(x) = x**3 + 6*x**2 - 8*x. Calculate m(s).
7
Let t(h) = 17*h**2 + h. Let j(b) = -b**2 - 4*b - 2. Let u = -27 + 24. Let g be j(u). Determine t(g).
18
Suppose 2*c + 3*c = 13*c. Let p(u) = u**2 + u + 19. Give p(c).
19
Let q = 369 + -376. Let w(l) = -l**3 - 5*l**2 + 14*l - 9.